s 4479187939 a prime number?
True
Is 11565690167 prime?
True
Is 4489593433 prime?
False
Is 15138259 composite?
False
Is 815504561 a composite number?
True
Is 10218196861 a prime number?
False
Is 1729602293 composite?
True
Is 3055298251 a composite number?
False
Is 553966279 prime?
True
Is 4928713949 a prime number?
True
Is 15685404247 a prime number?
True
Is 270059934355 a composite number?
True
Is 1759421513 prime?
False
Is 136643777 composite?
False
Is 5378152231 composite?
True
Is 5152707403 a prime number?
True
Is 11791196173 a composite number?
False
Is 852622499 a composite number?
True
Is 1585640119 composite?
True
Is 18346036837 a prime number?
True
Is 31186103273 composite?
True
Is 7358294107 composite?
False
Is 5605203751 a composite number?
True
Is 255789203015 composite?
True
Is 262443499667 a prime number?
True
Is 6046851433 prime?
False
Is 267402593 a composite number?
False
Is 1415492923 prime?
False
Is 11216269199 prime?
True
Is 1202063959 a prime number?
True
Is 33956309 composite?
False
Is 2497568153 a prime number?
True
Is 4755996013 a composite number?
True
Is 1973556545 a composite number?
True
Is 241393501159 a prime number?
False
Is 61760029937 a composite number?
False
Is 104180141803 a prime number?
False
Is 32909569219 a composite number?
True
Is 38821365929 composite?
True
Is 6618395489 a prime number?
False
Is 1100699053 a composite number?
False
Is 23415384359 a composite number?
False
Is 571632661 a prime number?
False
Is 6435884743 a prime number?
True
Is 4598056403 prime?
False
Is 1744993301 prime?
True
Is 103098608786 prime?
False
Is 211409299 prime?
True
Is 261017057 a prime number?
False
Is 53043926633 a prime number?
True
Is 17863084753 composite?
True
Is 756608849 prime?
True
Is 710569963 a prime number?
True
Is 4775734429 a prime number?
False
Is 7574253259 prime?
True
Is 5159282969 a prime number?
True
Is 520581197 a prime number?
True
Is 2633789783 composite?
False
Is 44929139549 a composite number?
True
Is 154765162463 a prime number?
True
Is 205611463 a composite number?
False
Is 456114713 a composite number?
False
Is 22731685453 composite?
False
Is 34703167393 prime?
False
Is 129670789519 a prime number?
False
Is 5528367497 a prime number?
True
Is 1357612661 a prime number?
True
Is 88765159 composite?
True
Is 247840553 a prime number?
False
Is 84860958254 a composite number?
True
Is 564329527 composite?
False
Is 597895367 prime?
True
Is 412284911 a prime number?
True
Is 35580727333 composite?
True
Is 288077837 composite?
True
Is 7745857079 prime?
True
Is 23521570249 a prime number?
True
Is 2547763691 a prime number?
False
Is 421397422697 a composite number?
False
Is 60047431 a composite number?
False
Is 15812253307 a composite number?
True
Is 3252014719 a prime number?
True
Is 201457639 a prime number?
False
Is 547866457 a prime number?
True
Is 80654562167 prime?
False
Is 5394771299 prime?
True
Is 500702633 a composite number?
False
Is 18503997511 prime?
True
Is 69612667931 prime?
False
Is 36916503427 a composite number?
False
Is 22337765713 a prime number?
False
Is 1231286387 a prime number?
False
Is 601749877 prime?
False
Is 5221652207 a prime number?
True
Is 3049861777 a prime number?
True
Is 11919090781 prime?
False
Is 1887922417 a composite number?
True
Is 11641810867 prime?
True
Is 1490799239 composite?
True
Is 3680122327 prime?
False
Is 545852479 a composite number?
False
Is 1450147747 a composite number?
False
Is 392318803 a composite number?
False
Is 8902213805 a prime number?
False
Is 63191101 prime?
True
Is 127643221 a prime number?
False
Is 2298185249 a composite number?
False
Is 39839546 a composite number?
True
Is 42034191631 a composite number?
True
Is 81734735711 composite?
True
Is 4810238471 a composite number?
False
Is 5028450991 a prime number?
False
Is 36646372921 a prime number?
True
Is 12759568453 prime?
False
Is 1824250429 composite?
False
Is 109488611 a prime number?
True
Is 3447119021 a prime number?
False
Is 1149873794 a composite number?
True
Is 2173961689 a prime number?
True
Is 712113251 composite?
False
Is 6306986395 prime?
False
Is 10212450821 composite?
False
Is 1637332561 a prime number?
False
Is 101128883351 a composite number?
False
Is 900972914 prime?
False
Is 65871527 a composite number?
True
Is 13803071423 composite?
True
Is 1389466471 a prime number?
True
Is 684874453 composite?
True
Is 19404510637 composite?
True
Is 2562690461 composite?
False
Is 3230601953 a composite number?
True
Is 1022639353 prime?
False
Is 3793505938 a prime number?
False
Is 3220835883 a composite number?
True
Is 55120481123 a composite number?
False
Is 16687108703 a composite number?
False
Is 86810917 a composite number?
True
Is 60408449155 a composite number?
True
Is 213560693 prime?
True
Is 5777666809 composite?
True
Is 516320643935 a prime number?
False
Is 270467191 composite?
False
Is 561593477 prime?
False
Is 12233576147 prime?
False
Is 174492047 a prime number?
True
Is 5341392415 a composite number?
True
Is 25086906931 a prime number?
True
Is 2890750099 composite?
False
Is 1523508097 a prime number?
False
Is 2817106423 a composite number?
True
Is 150417299 composite?
False
Is 1825528157 prime?
False
Is 2180524589 a prime number?
False
Is 75929397623 a composite number?
True
Is 2122958161 a composite number?
False
Is 13869651623 a prime number?
False
Is 48741787 a composite number?
False
Is 25328686777 a composite number?
True
Is 679968271 prime?
False
Is 2800372717 composite?
True
Is 330091471 a composite number?
True
Is 10743995557 a composite number?
False
Is 2640899971 prime?
True
Is 168398833 a composite number?
False
Is 793504721 composite?
True
Is 6737841143 composite?
True
Is 1545808685 prime?
False
Is 7911565391 prime?
True
Is 9246287153 a prime number?
True
Is 13297793123 a prime number?
True
Is 7226629903 a composite number?
False
Is 516011603 a prime number?
False
Is 315828059 a composite number?
False
Is 850690007 prime?
False
Is 1257255523 a composite number?
True
Is 210137363 a prime number?
False
Is 19774989361 prime?
False
Is 5948983717 prime?
True
Is 7636900721 prime?
False
Is 250543691 prime?
True
Is 500605799 prime?
True
Is 5676280217 a prime number?
True
Is 24579683303 prime?
False
Is 24396303847 prime?
True
Is 37318888261 prime?
True
Is 1294812733 composite?
True
Is 105126934169 prime?
True
Is 722164637 composite?
False
Is 3337128461 composite?
True
Is 80413833497 a prime number?
True
Is 10386959941 prime?
True
Is 10530777521 a prime number?
False
Is 189444705481 a prime number?
True
Is 353612353 a composite number?
False
Is 581454443 a composite number?
False
Is 691101989 a prime number?
True
Is 2980106567 composite?
True
Is 147869489113 prime?
True
Is 25660849913 a prime number?
True
Is 13127722261 composite?
True
Is 22907871551 prime?
False
Is 281072297 a composite number?
True
Is 187586920717 a prime number?
False
Is 3635754943 prime?
True
Is 471891857 prime?
False
Is 1981576343 a prime number?
True
Is 6450458999 a composite number?
False
Is 1271652367 a composite number?
True
Is 4212049 a prime number?
False
Is 494721833 a composite number?
True
Is 7124361637 prime?
False
Is 541177733 a prime number?
True
Is 1127750683 prime?
True
Is 833330287 composite?
True
Is 3749820707 prime?
True
Is 145371301 a composite number?
True
Is 1286094653 a prime number?
False
Is 23702049001 prime?
True
Is 204535349 composite?
False
Is 199848323 prime?
True
Is 2736384535 a composite number?
True
Is 1034733367 a prime number?
True
Is 1821480659 composite?
True
Is 1858395571 a composite number?
True
Is 1547188757 composite?
False
Is 612084383 composite?
False
Is 277354243 prime?
False
Is 697791781 a composite number?
True
Is 93203026381 a prime number?
False
Is 82674566887 prime?
False
Is 65168052473 composite?
False
Is 34477082023 a composite number?
True
Is 1557701413 a prime number?
True
Is 890776091 a composite number?
False
Is 173717561 a prime number?
True
Is 1446728677 composite?
True
Is 248528243 prime?
True
Is 1550220733 composite?
True
Is 7375651603 composite?
True
Is 37953420247 a prime number?
False
Is 83132213 composite?
False
Is 1864612049 a composite number?
False
Is 8717401523 a prime number?
True
Is 1589820073 prime?
False
Is 21447935251 a composite number?
